(6). Calculate u(o).
-6
Let p = 4 + -3. Suppose 2*n - 3*n - 19 = -5*q, -3*q = -15. Suppose b - n = -p. Let t(h) = h - 6. What is t(b)?
-1
Let h(k) = k**3 + 5*k**2 + 6*k + 4. Let r be h(-3). Let v(x) = -x**2 + x - 2. Let w(u) = -u**2 + u - 3. Let s(g) = 6*v(g) - 5*w(g). Give s(r).
-9
Let m(r) = -4*r**2 - r - 1. Let o be 5/20 - 10/8. What is m(o)?
-4
Let k(i) be the second derivative of -i**4/12 - 4*i**3/3 + 4*i**2 - 10*i. What is k(-9)?
-1
Let t be (2 - 1)/((-5)/(-15)). Let z(s) = -1 - 3 + s + 3. Let u(v) = v**2 + v - 5. Let m(q) = u(q) - 3*z(q). Determine m(t).
1
Let d(o) = -o**3 + 5*o**2 - 5*o + 3. Let i(r) = r**2 - 8*r + 16. Let u be i(6). Give d(u).
-1
Let u(y) be the second derivative of 0 - 1/2*y**3 - 2*y + 1/10*y**5 + 3/2*y**2 - 1/6*y**4. Give u(2).
5
Let a(d) = -8*d**2 + 2*d - 1. Let r = -9 - -10. Give a(r).
-7
Suppose 3*i = -0 + 6. Let q(w) = 2*w + w**i + 4 - 3 + 0*w + 6*w**2. Let j(z) = -z**2 + 2*z + 2. Let u be j(3). Calculate q(u).
6
Let b(l) = -3*l**2 + 1. Let f be b(1). Let q(c) = c**3 + 3*c**2 - c. Calculate q(f).
6
Let k be (-11)/3 + (-2)/(-3). Suppose 2*u - 16 = -4. Let y(c) = 6*c - u*c - c**2 + 3. What is y(k)?
-6
Let l(c) = -2*c - 4. Let p(f) = -2*f - 6. Let m(z) = -4*l(z) + 3*p(z). Calculate m(2).
2
Let u(g) be the second derivative of -g**5/20 - g**4/12 + g**3/3 - 3*g. Let m(f) = -f**3 + 8*f**2 + 2. Let q be m(8). What is u(q)?
-8
Let n(h) be the third derivative of 5*h**4/24 + h**3/6 - h**2. Suppose 0 = -t - t - 6. Let x be 2/t + (-16)/(-6). Calculate n(x).
11
Let a(j) = 4*j - 4. Let u = 16 - 11. Give a(u).
16
Let r(u) = u + 4. Suppose 2*s - 2*t = 5*s - 14, -8 = -2*t. Suppose -q = s*g - 4*q + 16, 0 = -g - 3*q + 1. Calculate r(g).
-1
Let m(g) = g**3 + g**2 - 3*g + 2. Suppose -5*o + 2*a + 2 = -0*a, 8 = 2*o + a. Give m(o).
8
Let v(l) be the third derivative of -l**5/60 + l**4/3 + l**3/2 + 21*l**2. What is v(7)?
10
Let z(d) = -d**3 + 4*d**2 + d. Suppose 3 = -3*l + 12. Calculate z(l).
12
Suppose 2*l - 11 = -4*g + 15, -2*g = 4*l - 28. Suppose 8 = 6*y - g*y. Let f(v) = v**2 - 3*v. Give f(y).
4
Suppose -3*q - 13 - 11 = 0. Let m = -7 - q. Let b(f) = -f + 1. What is b(m)?
0
Let i(s) = 2*s**2 + 5*s - 1. Let m(n) = -n**2 + n. Let u(d) = i(d) - 2*m(d). Let p(h) = -9*h**2 - 7*h + 1. Let a(f) = 3*p(f) + 7*u(f). Determine a(0).
-4
Let r(h) = -h**3 + h. Let w(p) = -4*p**3 + p**2 + 2*p + 1. Let u(x) = -3*r(x) + w(x). Calculate u(-2).
15
Let l(x) = x**3 + 4*x**2 + 4*x + 2. Let h be (-6)/5*10/(-4). Suppose 0 - 3 = -h*u. Let n(t) = -t**2 - 2*t + 1. Let a be n(u). Give l(a).
2
Let n(l) be the third derivative of -l**5/60 + 7*l**4/24 - l**3/6 + 10*l**2. Determine n(6).
5
Let b(g) be the third derivative of g**4/24 + g**3/6 - 10*g**2. Determine b(-7).
-6
Let v(k) = -k**3 - 6*k**2 - 8*k - 10. Let d be v(-5). Suppose -3*m = 4*g + 4, -7*g - 4*m = -2*g + d. Let z(l) = 10*l - 1. Give z(g).
-11
Let w(f) be the second derivative of 0 - 1/6*f**3 + 5/2*f**2 + f. What is w(4)?
1
Let u(j) = 2*j + 4. Suppose 3*n + 40 = -n. Suppose 0*p + 3*p = 21. Let x = p + n. Give u(x).
-2
Let s(i) = -2*i**2 + 3 - 4*i - 2*i**2 + 3*i**2. Let x(m) = -m**2 + 4*m + 8. Let w be x(6). Let z = -1 + w. What is s(z)?
-2
Let o = 3 - 0. Let p(i) = -o - i + 1 + 6*i. Let x(t) = 16*t - 6. Let d(u) = 10*p(u) - 3*x(u). What is d(2)?
2
Suppose 23 = 2*c - 11. Let j = c - 16. Let m(x) = 5*x - 1. Determine m(j).
4
Let x(z) = -7*z + 1. Suppose 0 = -4*r + 2 + 2. Let y be 25 + (4 - r) + -3. Suppose -5*t = v, v = 5*t - 3*v - y. Give x(t).
-6
Suppose -5*p = 47 - 12. Let v(t) = -2*t**2 - 7*t + 7. Let f(m) = m**2. Let u(r) = -f(r) - v(r). Determine u(p).
-7
Let z(u) = -u**3 - 5*u**2 - 6*u - 3. Suppose 2*l + 7 = h + 5, 15 = -l + 4*h. Let f be l + -3*(-1)/3. Let p = -6 + f. Give z(p).
5
Let z(u) be the second derivative of -u**5/20 - u**4/6 + u**3/6 - 3*u**2/2 - 24*u + 2. Give z(-3).
3
Let l be (-34)/(-9) - (-28)/126. Let m(t) be the second derivative of -t**4/12 + 2*t**3/3 - 3*t**2/2 - t. Calculate m(l).
-3
Let c(n) = -2*n**3 + n**2 - 4*n + 2. Let w(m) = -m**3 - m**2 + 1. Let d(z) = c(z) - 3*w(z). Calculate d(-5).
-6
Let k(f) be the second derivative of -11*f**5/20 - f**4/12 + f**3/6 - f**2/2 + 7*f. Calculate k(1).
-12
Let z = -73 - -67. Let d(m) = m**3 + 7*m**2 + 5*m - 1. What is d(z)?
5
Suppose 2*k - 15 = -3*k. Let v(w) be the second derivative of -w**5/20 + w**4/4 + w**2 + 34*w. Determine v(k).
2
Let m = -72 - -70. Let x(y) = y**2 + 6*y + 3. Give x(m).
-5
Suppose -3*t = -0*m - 5*m - 32, -4*m = -2*t + 26. Let r(w) = -w**2 - 7*w - 8. Give r(m).
-8
Let b(s) be the first derivative of -5*s**2/2 - 16. What is b(1)?
-5
Let t(h) be the third derivative of h**4/24 - 2*h**3/3 + 2*h**2. Let r(l) = -l**3 + 4*l**2 - 2*l - 3. Let v be r(3). Let s be (7 - 3) + -1 + v. Give t(s).
-1
Let f = -7 + 15. Let y be (-2)/(-5) - f/20. Let a(k) = -k**2 - 13. What is a(y)?
-13
Let x(g) = -5 + 0 + 9*g - 7*g. Give x(-4).
-13
Let j(n) = -n**2 - 9*n - 9. Let d be j(-9). Let p = d - -5. Let s(m) = -m - 4. Determine s(p).
0
Let g(z) = 1 + 3*z - 4*z - 5*z**2 + 2*z + z. Calculate g(-1).
-6
Suppose -12 = l + 3*l. Let z(m) = m - 1. Let n be (2/(-2))/(4 + -3). Let o(q) = -q**2 - 2*q. Let v(t) = n*o(t) + z(t). Give v(l).
-1
Let n(c) = -c**3 - 5*c**2 + 4*c + 6. Suppose 0 = 2*f + 4*p + 13 + 17, -2*p = -2*f. Determine n(f).
-14
Let d(g) = -g**3 - g**2 + g + 1. Let f(k) = 4*k**3 + 3*k**2 - 2*k - 2. Let l(i) = -3*d(i) - f(i). Let a be 0 + 2 - (3 + 1). What is l(a)?
9
Let n(v) be the second derivative of -v**4/12 - v**3/2 - v**2/2 - v. Suppose 0 = 4*z + 2*s - 1 - 3, -4*z + 3*s = -24. Let w be (z - 2)/(-2 + 1). What is n(w)?
1
Let s be (-2)/(((-7)/16)/7). Let p be (-9)/(-6)*s/12. Let h(v) = -v**3 + 4*v**2 + v - 3. Calculate h(p).
1
Let s(g) = 3*g**2 + 11*g - 14. Let j(l) = -l**2 - 4*l + 5. Let q(z) = -11*j(z) - 4*s(z). Let d(o) = 3*o**2 - 1. Let w(v) = -2*d(v) - 5*q(v). What is w(0)?
-3
Let s(f) = -4*f. Suppose 2*m + 6*c = 2*c - 2, 0 = -4*m + c + 5. Determine s(m).
-4
Suppose -14*o + 20 = -18*o. Let s(m) = m + 6. Give s(o).
1
Let j(g) be the second derivative of -g**5/20 + 5*g**4/12 - g**3/6 + 7*g**2/2 + 7*g. What is j(5)?
2
Let j be -4*6*1/8. Let q = -12 - -7. Let t = j - q. Let m(k) = -k**3 + 2. Give m(t).
-6
Suppose 5*i - 12 = -3*s - 5, -2*i = 2. Suppose 3*w - 32 = 4*b - 9*b, -s*w = -16. Suppose -2*q + 2*z - b = 0, 5*z + 6 = q - 4. Let p(x) = 2*x + 6. Give p(q).
-4
Let t = -8 - -10. Let k be (1 - t)/(7/21). Let h(q) = q**2 + 5*q + 4. Calculate h(k).
-2
Let i(r) be the first derivative of -r**3/3 - 5*r**2/2 - 4*r - 40. Determine i(-4).
0
Let u(x) = 20*x + 1 - 22*x + 3. Let p(a) = a - 2. Let b(f) = 7*p(f) + 4*u(f). Determine b(1).
1
Let c(z) be the second derivative of 5*z**3/6 + 2*z**2 - 3*z. Let s(f) = -4*f - 4. Let v(i) = -3*c(i) - 4*s(i). Give v(-3).
1
Suppose -q + 1 = 0, 3*v + 2*q + 26 = 7*q. Let x(z) = -z**2 - 8*z - 4. Give x(v).
3
Let z(p) = 4*p - 5. Let f(a) = -a. Let u(r) = 3*f(r) + z(r). Determine u(4).
-1
Let o(v) be the second derivative of 0 + 3*v + 2/3*v**3 + 0*v**2. Give o(-3).
-12
Let z(a) be the first derivative of a**4 - a**3/3 + a**2 - a + 1. Let h(u) = 11*u - 2. Let i be h(1). Let n = i + -8. Determine z(n).
4
Let c(p) = -p**2 + 9*p - 8. Let w = 63 + -42. Suppose -g = 2*g - w. Let m be c(g). Let k(b) = -b + 3. Determine k(m).
-3
Let f(q) = -q**2 - 4*q - 1. Let v be f(-4). Let k(y) be the second derivative of -y**4/4 + y**3/6 + y**2/2 + 2*y. Give k(v).
-3
Let m be 255/6 + (-2)/4. Let d(r) = -2*r - 34 + r + m. Suppose -4*x + x = 0. What is d(x)?
8
Let x(p) be the first derivative of -p**2 + 2*p + 1. Suppose -5*l - 3 = -5*o - 33, -l - 6 = 3*o. What is x(o)?
8
Let f(w) = w**3 - 4*w**2 + 5. Suppose 4*q + 2 = -2. Let v be q/2*8/(-1). Determine f(v).
5
Let h(x) be the first derivative of -x**4/4 - 7*x**3/3 - 7*x**2/2 - 6*x - 12. Calculate h(-6).
0
Let g(z) = 5*z. Let y(a) = -4*a. Let v(i) = 5*g(i) + 6*y(i). Let w be 4/(-2)*(2 - -2). Let k = w - -12. Give v(k).
4
Let f(p) = 6*p - 3 + p**3 + 7*p**2 - 1 + 0. Suppose -2*o + 6 = r + o, 3*r - 2 = -5*o. Give f(r).
-4
Suppose 4*q = q - 12. Let l(r) = 5*r**2 - 5*r. Let c(v) = -v**2 - 1. Let p(f) = -6*c(f) - l(f). Calculate p(q).
2
Let c(l) = -l + 7. Suppose 0 = -r - 2*a - 2 - 15, 2*r - 2*a = -28. Let f be (-18)/r*15/(-3). Determine c(f).
13
Let x(i) = -4*i**2 + 2*i + 259*i**3 + 2 +